se b*t - 6*t = -48. List the prime factors of t.
2, 3
Let u = 21877 + -9097. What are the prime factors of u?
2, 3, 5, 71
Let f be 5 + (-5 - (-328 - 3)). Suppose 45 = 2*h - f. List the prime factors of h.
2, 47
Let i(r) = -r**3 + 29*r**2 + 73*r + 69. Suppose -s = 3*h + 4*s - 73, 3*s = h - 43. List the prime factors of i(h).
2, 5, 41
Let t = 81 - 81. Suppose t = -45*z + 38*z + 1799. List the prime factors of z.
257
Let h(s) = 5*s**3 - 6*s**2 + 3*s - 14. Suppose 19*f - 26*f + 35 = 0. Let m be h(f). Suppose -16*x = -20*x + m. What are the prime factors of x?
7, 17
Let d(j) = 239*j**3 + 38*j**2 - 24*j + 108. What are the prime factors of d(7)?
199, 421
Suppose 9*s = 12*s + 4*w - 63398, -84532 = -4*s - 4*w. List the prime factors of s.
2, 10567
Let o(q) = 1 + 37*q - 259*q - 10 + 1 + 0. What are the prime factors of o(-5)?
2, 19, 29
Suppose -9*c + 39 = 3. Let u(j) = 5*j**3 - 3*j**2 - j - 17. List the prime factors of u(c).
251
Suppose -4*i - 20 = 0, 11705 = 13*v - 8*v - i. Suppose -x + 484 = -4*o, 5*x - 9*o = -5*o + v. List the prime factors of x.
2, 29
Let g(s) = 5*s**2 - 5*s - 15. Let y be g(-3). Suppose -6*r + 44 = -r - 4*z, 5*r - y = 5*z. List the prime factors of (-2 - r/(-6))/(16/(-168)).
7
Suppose -5*d = -18 + 23. List the prime factors of d/(-5)*5*49.
7
Let b(u) = 24*u**2 - 6*u - 24. Let m be b(5). Suppose -4*j - m + 2790 = 0. What are the prime factors of j?
3, 11, 17
Suppose 16*b + 21074 = 125346. What are the prime factors of b?
7, 19
Suppose -107*b = -5*f - 105*b + 363649, f - 3*b - 72748 = 0. What are the prime factors of f?
72727
Suppose -4040 + 9468 + 51650 = 14*i. What are the prime factors of i?
3, 151
Suppose 8760 = 6*q - 5568. What are the prime factors of q?
2, 3, 199
Let h(l) = 2*l + 1. Let k(z) = 319*z + 20. Let c(y) = 5*h(y) + k(y). List the prime factors of c(2).
683
Let j(o) = -o**3 + 20*o**2 + 24*o + 29. Let b be j(19). Let c = b + -121. What are the prime factors of c?
5, 29
Let p(w) = -5*w - 8. Let v be p(-2). Let s be (15/45)/(v/(-6)). What are the prime factors of (-1818)/(-12) + (3/6)/s?
151
Let l(g) = -2*g**2 + 11*g + 6. Let w be l(6). Let c = 4 - w. Suppose -2*q = -6*q - 4*i + 296, 5*i - 298 = -c*q. List the prime factors of q.
2, 3
Let u(q) = -201*q**3 + 2*q**2 + 3*q + 13. Suppose -5*l - 7 = 9*r - 8*r, 17 = -7*l + r. What are the prime factors of u(l)?
3, 541
Suppose -2 = x - 0. Let i be (-2 + 2190/(-6))/(x/10). List the prime factors of (-12)/28 - i/(-35).
2, 13
Let q be (-332)/(-10) - (-8)/(-40). Let l = 41 - q. Let o(i) = 5*i - 27. List the prime factors of o(l).
13
Let q(c) = -c**3 + 7*c**2 + 7*c. Let d be q(7). Let w = d + 208. What are the prime factors of w?
257
Let i(v) = -30*v + 12. Let b(y) = 34 - 58 + 41*y + 20*y. Let l(h) = 3*b(h) + 7*i(h). List the prime factors of l(-9).
3, 5, 17
Let s = 3 + 0. Suppose -3*w - s*m = -0*w - 495, w - 181 = 3*m. Suppose -4*t = -2*x - 170, 4*t - 5*x - 16 - w = 0. What are the prime factors of t?
2, 5
Let b = -3449 + 6288. What are the prime factors of b?
17, 167
Suppose 100 = -5*w - 5*t, w - 2 = -5*t - 30. Let h(v) = v**2 - 5*v + 14. List the prime factors of h(w).
2, 107
Let g = -282 + 403. Let i = 151 - g. What are the prime factors of i?
2, 3, 5
Let i(v) = 10*v**3 - 4*v**2 + 28*v - 144. List the prime factors of i(5).
2, 3, 191
Let m(i) = -72*i**3 + i**2 + 8*i + 5. Let u = 187 - 189. List the prime factors of m(u).
569
Let m(k) = -182*k - 80. Let i be 15/((-7)/(42/18)). List the prime factors of m(i).
2, 5, 83
What are the prime factors of 1688416/760*(-5)/(-2)?
2, 2777
Let j = 575 - 566. Suppose -17369 = -j*x - 2*x. What are the prime factors of x?
1579
Let c = 318 - -1805. List the prime factors of c.
11, 193
Suppose 86*s - 280 = 81*s. What are the prime factors of 42/(s/(-252) + (-59)/(-144))?
2, 7
Suppose 25*t = -15232 - 11493. Let v = t + 1862. List the prime factors of v.
13, 61
Let g = 264 - 261. Suppose -4*n + 1494 = -2*y, 4*n = g*y - 230 + 1719. List the prime factors of n.
2, 47
Let h(f) = -325*f + 185. Let x be h(-6). Let d = x - 1079. What are the prime factors of d?
2, 3, 11
Suppose 0 = -9*a + 45 - 9. Let p(r) = 5*r**3 - 6*r**2 - 4*r - 4. What are the prime factors of p(a)?
2, 3, 17
Let l = -58380 - -86783. What are the prime factors of l?
28403
Suppose 4*a - 101 = l, -4*l + 2*a + 19 - 367 = 0. Let o = l + 74. Let w(p) = -4*p - 6. What are the prime factors of w(o)?
2, 19
Let v be (-65)/52 - 4611/(-12). Let o = v - -457. What are the prime factors of o?
2, 3, 5, 7
Let w = 542 - 270. Suppose 17*l - 54 = 14. List the prime factors of (3/l)/(2/w).
2, 3, 17
Suppose 3*p - 5*k + 22 - 4 = 0, 5*p + 30 = 3*k. Let h(x) = 3*x**2 + 7*x - 11. Let c be h(p). Suppose -c = -5*i - 5. List the prime factors of i.
2, 5
Let j be -1*((-6 - -4) + 1) - -15. Suppose -j*h + 17*h + 294 = 0. Let c = -83 - h. List the prime factors of c.
211
Let b be ((-28)/49)/((-6)/17451). Suppose h - b + 477 = 0. What are the prime factors of h?
3, 5, 79
Let r = 1529 - -116. What are the prime factors of r?
5, 7, 47
Let v = 1272 + -3132. What are the prime factors of (v/(-18))/((-2)/(-3))?
5, 31
Let n(p) = 6*p**2 - 23*p - 24. Let q(t) = -2*t**2 + 8*t + 8. Let w(z) = 6*n(z) + 17*q(z). Let m be 38/(-171) - 112/(-18). What are the prime factors of w(m)?
2, 13
Let o(u) = u**2 - 25*u - 27. Let r(c) = -c**2 + 27*c + 28. Let y(m) = 3*o(m) + 2*r(m). List the prime factors of y(32).
3, 109
Let l be 3*(-6)/(-9) + -2. Suppose l = -19*j + 3*j + 5760. List the prime factors of j.
2, 3, 5
Let g(a) = -a**3 - a**2 - 5*a + 486. Let q be g(0). Let f = q + -340. What are the prime factors of f?
2, 73
Let d = -80024 - -145450. List the prime factors of d.
2, 32713
Suppose -3*o + 5*h + 19897 = 0, -o + 9999 = -4*h + 3355. List the prime factors of o/21 + (-9)/21.
3, 5, 7
Let g(r) = 2*r**2 - 15*r - 38. Let p be g(-21). Suppose -p = -3*j - 2*t, j + 0*t - 377 = -3*t. What are the prime factors of j?
389
Let c(p) = -p**3 - 23*p**2 - 42*p + 84. Let h = 711 - 734. What are the prime factors of c(h)?
2, 3, 5, 7
Let j(l) = -l. Let d(n) = 5*n - 3. Let u(b) = -d(b) + 3*j(b). List the prime factors of u(-19).
5, 31
Let a = 1287 + -537. List the prime factors of a.
2, 3, 5
Suppose 0 = -133*b + 140*b - 3913. List the prime factors of b.
13, 43
Let o = -43 - -45. Suppose -o*v - 10 = 4*z, 4*v - 5*z = v + 40. Suppose -v*s + 6*s - 64 = 0. What are the prime factors of s?
2
Let w = 72 - -525. Let l = w + -66. What are the prime factors of l?
3, 59
Suppose 11*h - 7*h + 144 = 0. Let c be (-2)/(-12) - (-114)/h. What are the prime factors of ((-10)/(-2) + c)*22?
2, 11
Let n(g) = -2027*g**3 + 6*g**2 + 13*g + 5. List the prime factors of n(-2).
7, 331
Suppose -3*c + i + 1338 = 0, 13*c - 15*c = i - 887. Let t = c - -127. What are the prime factors of t?
2, 11, 13
Let y = -764 + 422. Let o be (-4)/(-20) + y/(-15). Suppose -o = -2*q + 31. What are the prime factors of q?
3
Let h(m) = -56*m - 83. Let f(j) = 111*j + 164. Let x(t) = -6*f(t) - 11*h(t). What are the prime factors of x(-4)?
3, 43
Suppose 2*n - 16 = -2*n. Suppose 0 = -n*x + 2*a + 292 + 212, 0 = -5*a. Suppose -3*i + x = 3*j, 0*j = -i + 2*j + 45. What are the prime factors of i?
43
Let u(d) = 3*d - 12. Let k be u(5). Suppose -5*s - k*x + 485 = -7*x, -s = x - 97. Suppose -38 = -o - 0*o - 5*c, s = 2*o + 3*c. List the prime factors of o.
53
Let h be (23 - 21) + 1*-2. Suppose 3*l - o = -10, 0*l + 3*l - 4*o + 13 = h. List the prime factors of ((-2)/3)/(l/342).
2, 19
List the prime factors of (31364 + 132)*6/4.
2, 3, 31, 127
Let s(v) = -6515*v - 598. What are the prime factors of s(-3)?
18947
Suppose -5*t = -25*t + 38899 + 201141. List the prime factors of t.
2, 17, 353
Suppose 2*n - 3*s = 66 + 19, 5*n - 216 = 4*s. Let c = n - 26. Let i = 55 + c. What are the prime factors of i?
73
Let s = -4992 - -7414. List the prime factors of s.
2, 7, 173
Suppose 47*b + 50*b - 84*b - 31616 = 0. List the prime factors of b.
2, 19
Let v = -6082 - -10267. What are the prime factors of v?
3, 5, 31
Suppose -23*u - 75*u + 3822 = 0. What are the prime factors of u?
3, 13
List the prime factors of 1*3358 - (-117)/13.
7, 13, 37
List the prime factors of (18/(-27))/(9/(-112779)).
2, 4177
What are the prime factors of 43821 + (-11 - -5) + 5?
2, 5, 7, 313
Let v(w) = -77*w**3 + 13*w**2 + 46*w - 24. What are the prim